12?
4
What is the highest common divisor of 2040 and 4335?
255
What is the highest common factor of 27153 and 63?
63
What is the highest common factor of 302015 and 35?
35
Calculate the highest common factor of 1560 and 599430.
390
Calculate the greatest common divisor of 1977 and 6027.
3
What is the highest common factor of 21 and 90867?
21
What is the greatest common divisor of 702 and 3348?
54
What is the highest common divisor of 15145 and 36530?
65
What is the highest common factor of 298432 and 656?
16
Calculate the greatest common divisor of 124914 and 10464.
654
What is the highest common divisor of 8020 and 320?
20
Calculate the greatest common divisor of 47708 and 4.
4
What is the greatest common divisor of 2835 and 84?
21
Calculate the highest common divisor of 9686 and 986.
58
What is the greatest common factor of 14580 and 9420?
60
Calculate the highest common divisor of 891976 and 40.
8
Calculate the highest common divisor of 116157 and 93.
93
What is the highest common factor of 485 and 291?
97
Calculate the highest common factor of 203 and 265814.
29
What is the highest common factor of 5206 and 4384?
274
What is the greatest common factor of 6090 and 272370?
210
What is the greatest common factor of 182688 and 123695?
1903
Calculate the highest common factor of 15 and 353505.
15
What is the highest common divisor of 9720 and 15228?
324
What is the greatest common factor of 10216 and 36?
4
Calculate the highest common divisor of 297 and 8046.
27
Calculate the greatest common divisor of 64 and 6741568.
64
Calculate the greatest common factor of 2828 and 407636.
404
Calculate the highest common divisor of 80357 and 107.
107
Calculate the highest common factor of 23387 and 416.
13
Calculate the greatest common divisor of 221 and 312.
13
Calculate the highest common factor of 31140 and 5220.
180
Calculate the highest common divisor of 70390 and 30.
10
What is the greatest common factor of 204 and 50082?
102
What is the highest common factor of 39 and 4655157?
39
What is the greatest common factor of 616 and 31010?
14
What is the greatest common divisor of 2456 and 44822?
614
Calculate the greatest common divisor of 104958 and 13617.
153
Calculate the highest common factor of 88 and 9496.
8
What is the highest common factor of 5461 and 3096?
43
Calculate the greatest common factor of 4736 and 36.
4
Calculate the highest common divisor of 64 and 684864.
64
Calculate the highest common factor of 42 and 10338.
6
What is the greatest common factor of 27953 and 5?
1
Calculate the greatest common divisor of 14 and 1640401.
7
Calculate the greatest common divisor of 1692 and 675531.
423
Calculate the highest common divisor of 43 and 266170.
43
What is the greatest common factor of 103 and 1229923?
103
What is the greatest common factor of 630086 and 6842?
622
What is the highest common factor of 15 and 38685?
15
What is the highest common divisor of 55029 and 95251?
221
Calculate the highest common divisor of 22526 and 28.
14
Calculate the highest common divisor of 5364095 and 4675.
935
What is the highest common factor of 3767273 and 2218?
1109
What is the greatest common divisor of 1615 and 10625?
85
Calculate the greatest common factor of 234 and 7514.
26
Calculate the highest common factor of 32631 and 4307.
73
What is the highest common factor of 8325 and 9657?
333
Calculate the greatest common factor of 2217996 and 9.
9
Calculate the greatest common factor of 39 and 65898.
3
What is the highest common divisor of 599 and 551679?
599
What is the greatest common divisor of 1682 and 39527?
841
Calculate the greatest common factor of 492 and 2028.
12
What is the highest common factor of 52944 and 12?
12
What is the greatest common divisor of 3674 and 187?
11
What is the highest common divisor of 302 and 3347066?
302
What is the greatest common divisor of 84 and 1001154?
42
Calculate the greatest common factor of 77693 and 154.
77
What is the greatest common divisor of 71940 and 540?
60
Calculate the highest common factor of 187 and 669647.
187
Calculate the greatest common divisor of 3421 and 161409.
311
Calculate the highest common factor of 43928 and 704.
8
What is the greatest common divisor of 7 and 18949?
7
Calculate the greatest common divisor of 14085 and 923037.
939
Calculate the greatest common factor of 165 and 15360.
15
What is the greatest common factor of 10638 and 5778?
54
Calculate the highest common divisor of 40 and 493400.
40
Calculate the highest common factor of 1510 and 15990.
10
Calculate the highest common factor of 259308 and 189.
189
What is the greatest common factor of 10134 and 261?
9
What is the highest common factor of 4354 and 142438?
622
Calculate the greatest common divisor of 278522 and 94.
94
What is the highest common factor of 9940 and 13440?
140
What is the greatest common divisor of 49375 and 3555?
395
Calculate the highest common divisor of 114953 and 272083.
827
Calculate the greatest common factor of 132 and 358716.
12
Calculate the greatest common divisor of 272 and 822992.
16
Calculate the greatest common factor of 3906197 and 1321.
1321
Calculate the highest common divisor of 60541 and 13.
13
Calculate the greatest common factor of 16068 and 824.
412
Calculate the highest common divisor of 17208 and 1028656.
1912
What is the highest common factor of 20778 and 18?
6
Calculate the highest common divisor of 588 and 205212.
588
What is the highest common factor of 720 and 1576224?
144
What is the greatest common factor of 99 and 61659?
9
Calculate the greatest common divisor of 123116 and 140.
28
What is the highest common factor of 214280 and 1980?
220
Calculate the greatest common factor of 2108 and 44578.
62
What is the greatest common divisor of 42 and 4755786?
42
What is the greatest common divisor of 6560 and 3840?
160
What is the greatest common divisor of 825 and 3450?
75
Calculate the highest common factor of 9 and 16353.
9
What is the greatest common divisor of 10465 and 14833?
91
What is the highest common factor of 34043 and 1947?
59
What is the greatest common factor of 20554 and 1978?
86
Calculate the highest common factor of 4906 and 5192.
22
Calculate the highest common divisor of 1929270 and 70.
70
What is the highest common factor of 468 and 1766934?
234
What is the highest common divisor of 36 and 134124?
12
What is the highest common factor of 205 and 1890?
5
What is the greatest common divisor of 20 and 273470?
10
What is the highest common divisor of 20 and 865?
5
What is the greatest common factor of 12 and 23312?
4
What is the highest common factor of 379300 and 40?
20
What is the highest common factor of 39848 and 879?
293
Calculate the highest common factor of 53001 and 604.
151
What is the highest common factor of 90 and 67690?
10
What is the greatest common divisor of 45118 and 102?
34
Calculate the highest common factor of 4216 and 465992.
248
What is the greatest common divisor of 314358 and 484?
242
What is the greatest common factor of 37 and 905501?
37
What is the highest common factor of 7943 and 15197?
13
Calculate the highest common divisor of 3437 and 9820.
491
Calculate the greatest common factor of 321521 and 17.
17
Calculate the highest common factor of 154 and 35398.
22
What is the greatest common factor of 681463 and 1057?
151
What is the greatest common divisor of 102 and 5742498?
102
What is the highest common divisor of 1160361 and 62?
31
Calculate the greatest common factor of 458 and 29402684.
458
What is the greatest common factor of 114048 and 924?
132
Calculate the highest common factor of 10 and 141630.
10
What is the greatest common factor of 73371 and 74?
37
What is the greatest common divisor of 4161888 and 864?
864
What is the highest common divisor of 87971 and 17069?
1313
What is the highest common factor of 9821 and 175?
7
What is the highest common factor of 10112 and 928?
32
Calculate the highest common factor of 8 and 12340792.
8
What is the greatest common divisor of 181 and 1626104?
181
Calculate the highest common factor of 287 and 2583000.
287
Calculate the highest common factor of 2445 and 971643.
489
What is the highest common divisor of 146751 and 66?
33
What is the highest common factor of 488 and 27848?
8
What is the highest